t(m) = 2*m - 4. What is the units digit of t(n)?
8
Let m be (-3 - -1) + (-1)/(-1). Let n(y) = 2*y**2 - y - 1. Let j be n(m). Suppose -2*a + j = 3*q, -6*a = -a + 5*q - 15. What is the units digit of a?
7
Suppose 7*r - 27 = 4*r. What is the tens digit of 27*(3 - 21/r)?
1
Let m(b) = b**3 + b**2 + 2*b + 1. Let d be m(-2). Let l = 14 - d. What is the tens digit of l?
2
Let a = -56 - -85. What is the tens digit of a?
2
Let q = 24 + -17. Let n = -3 + 7. Let k = q - n. What is the units digit of k?
3
Suppose -2*l - 33 = -3*j, -l = -3*j + 2*j + 15. Let b be (-54)/l - 1/2. Suppose -b*v = -t - 46, -10 = -10*t + 5*t. What is the tens digit of v?
1
Let z be 2/8 + 33/12. Suppose -z*b - 4*x + 25 = 0, -5*b + 2*x - x + 11 = 0. What is the units digit of b?
3
Let k(p) = -p**2 - p - 19. Let q be k(0). Let a = 40 + q. What is the units digit of a?
1
Let z = -100 + 212. What is the tens digit of z?
1
Let b = 60 + 61. Suppose -4*x + 3*i - 6*i + b = 0, 3*x + 3*i - 93 = 0. What is the tens digit of x?
2
Let l be ((-1)/2 + 1)*0. Suppose -3*q = -0*q - 3. Suppose p - 3 - q = l. What is the units digit of p?
4
Let s = 3 + 2. Suppose -3*v + 23 = s*g, -2*v - 3*g - 63 = -5*v. Suppose k + v = 3*k. What is the units digit of k?
8
Suppose 0 = 3*m - 3*w - 339, 4*m - 3*w = 644 - 191. Suppose x - m = -x. What is the tens digit of x?
5
Suppose 2*i + 2*c - 1 = 1, -2*c - 10 = -4*i. What is the units digit of i?
2
Suppose -3*a + 42 = -42. What is the tens digit of a?
2
Let v be -1 - (0 - -2 - 3). Suppose -160 = -5*p - v*p. What is the tens digit of p?
3
Let d(r) = r**2 - 5*r - 9. Let t be d(7). Suppose 0 = -w + 21 + t. What is the tens digit of w?
2
Suppose 3*t + 156 = 8*t + 2*g, g = -t + 33. Let d = -20 + t. What is the units digit of d?
0
Let m(d) = d**3 - 13*d**2 + 12*d + 2. Let b be m(12). Suppose 2*x = 4*s + 28, -6*x + 6 = -2*x + b*s. What is the units digit of x?
4
Let t be (2 - -1) + 10/(-5). Let s = -3 - t. What is the units digit of (-23)/s - (-2)/8?
6
Let f be -1 + 4 - 42/3. Let c(i) = -2*i - 12. What is the tens digit of c(f)?
1
Let f(b) be the third derivative of b**5/20 - b**3/3 + 2*b**2. Let q = 2 + 0. What is the units digit of f(q)?
0
Let p(h) be the third derivative of -h**5/60 - 5*h**4/12 - 4*h**3/3 + 6*h**2. What is the units digit of p(-6)?
6
Let g(h) = h**2 + 6*h + 8. Let d be g(-4). Suppose -17 = -d*w - w. What is the tens digit of w?
1
Suppose -2*a = 2*y - 3*y - 37, 2*y = -4*a + 78. Let r = a - 15. What is the units digit of r?
4
Let z(c) = 54*c - 6. What is the units digit of z(2)?
2
Let d be (-2 - -5)*6/(-9). Let j = d - -4. What is the units digit of j?
2
Let a(i) = 2*i + 8. Let w be a(-6). Let d be (-5)/(-2) + (-2)/w. Let v = 1 + d. What is the units digit of v?
4
Suppose -12 = -3*q + g + 2*g, -3*g - 22 = -5*q. Let p(x) = -x**3 + 6*x**2 - 5*x + 7. What is the units digit of p(q)?
7
Let n be (0 - (2 + -2))/(-1). Suppose n = -4*z - 8, -3*m + 0*z + 10 = -2*z. Suppose -m*s - 2*s + 4 = o, 4*o - 4*s - 56 = 0. What is the tens digit of o?
1
What is the units digit of (-9 - -57) + (0 - -1)?
9
Suppose 5*s + 295 = 10*s. What is the units digit of s?
9
Suppose -24 = -20*d + 16*d. Suppose 2*q - 4 = q. Let l = d - q. What is the units digit of l?
2
Let u(v) = 1. Let i(w) = -w**2 + 5*w - 2. Let h(g) = i(g) + 2*u(g). Let x be h(6). Let y = -4 - x. What is the units digit of y?
2
Suppose h + 0*h = 64. Suppose -9*v + 5*v = -h. Suppose -5*g = v - 106. What is the tens digit of g?
1
Suppose 0*l + 3 = 3*l + 3*x, 40 = 4*l - 5*x. Let v be (1 + (-27)/15)*l. Let n(z) = z**3 + 4*z**2 + 1. What is the units digit of n(v)?
1
Suppose -6*k + k = -z + 4, -3*z = 5*k - 12. Let s(v) = -4*v + 4 + z*v - v. What is the units digit of s(2)?
2
Suppose 3 = -3*i - 15. Let k = 0 - i. Let y(m) = 2*m - 5. What is the units digit of y(k)?
7
Suppose -z + 3*q = -q - 130, 5*q = 4*z - 531. What is the tens digit of z?
3
Let k = 5 + 1. What is the units digit of k?
6
Suppose 2*h - q - 9 = -0*q, 3*h - 21 = 4*q. What is the units digit of (3 - h) + (5 - 0)?
5
Let j = -26 + 50. What is the tens digit of j?
2
Let a be (-1)/(-2 - 15/(-6)). Let i(z) = 2*z**2 - 2*z - 1. Let l be i(a). Let r = l + 0. What is the units digit of r?
1
Suppose 3 + 5 = 4*v. Suppose 0*p = -5*q - 4*p + 44, -v*q - 3*p = -19. Let n = -5 + q. What is the units digit of n?
3
Suppose -6 = -v - 2. Suppose 0 = -2*k + 4*t + 108 - 6, -3*t = -v*k + 204. What is the units digit of k?
1
Suppose 0 = 2*c - 30 - 8. Let y = c + -10. Suppose 0 = -2*r - 4*x + 14, -3*r - 4*x + 26 - y = 0. What is the units digit of r?
3
Let z = -12 + 26. What is the units digit of 61/7 + 4/z?
9
Suppose -4*v = -3*d - 53, 0*v - 4*d = -3*v + 45. Suppose -m - 1 = -4*y - v, 0 = 4*y + 8. Suppose -9 = -m*w + 11. What is the units digit of w?
0
Let s = -19 + 40. Suppose w - 7 = -s. What is the units digit of -1 + -2 - (2 + w)?
9
Let n(v) = -11*v + 38. Let b(t) = 5*t - 19. Let c(a) = -7*b(a) - 3*n(a). What is the tens digit of c(0)?
1
Let d(o) = -2*o**3 + o**2 + 4*o - 3. Let i be d(2). Let x = 31 - i. Suppose -5*m + 2 = -x. What is the units digit of m?
8
Suppose 598 - 134 = 4*f. What is the hundreds digit of f?
1
Let o = -4 - 0. What is the tens digit of 25 - -1 - (-2 - o)?
2
Suppose -2*v = -4*j + 30, -11 = -j + 4*v - 0. What is the units digit of (7 + 2)/(j - 6)?
9
Suppose 5*r = -4*l + 107, 2*l - 82 = 5*r - 21. What is the tens digit of l?
2
Suppose 0 = -4*j + 18 + 198. What is the tens digit of j?
5
Let v = -9 + 12. What is the units digit of v?
3
What is the units digit of 3*(1 + 0)*2?
6
Suppose -3 = 4*i + 5*j, -3*i + j = -i - 9. Let a be i/(-3) - 0 - -3. Suppose a*w - l - 18 = -w, -3*l = 0. What is the units digit of w?
6
Let u be 4/(-2) + 2*-1. Let b be u/(-14) - (-180)/7. Suppose 4 = 5*i - b. What is the units digit of i?
6
Suppose 2*i + 16 = -4*v - 10, -5*i - 25 = 2*v. Let f be (-2 - -2)/((-3)/i). Let k(x) = x**3 - x + 3. What is the units digit of k(f)?
3
What is the units digit of 1/(-2) - 805/(-14)?
7
Let y(v) = -2*v + 31. What is the units digit of y(11)?
9
Let i(p) = p + 2. Let c = -1 - -1. Suppose -5*o + 42 - 17 = c. What is the units digit of i(o)?
7
Let y = 276 - 44. What is the tens digit of y?
3
Let m(q) = q + 7. Let z be m(-7). Suppose z = -w - 0*w + 17. What is the units digit of w?
7
Let m = 3 + 1. What is the units digit of (-29)/(-4) - 1/m?
7
Let i(x) = x + 11. Let s be i(-7). Suppose -s*h + m + 72 = 0, -3*m = 5*h + 2*m - 90. What is the units digit of h?
8
Let y be 4/10 + 24/15. Suppose -3*c = 2*m + 1, -3*c = y*c + 15. Suppose -2*q + 8 = -m*l, q + l - 39 = -4*l. What is the units digit of q?
4
Let c(r) = 2*r + 11. Let x be c(-11). Let z = x - -18. What is the units digit of z?
7
Suppose -13*m = 9*m - 9658. What is the hundreds digit of m?
4
Let q(d) = -d**3 - 9*d**2 + 10*d + 15. Let g be q(-10). Let p = -21 + g. Let l = p - -11. What is the units digit of l?
5
Let h be (-3 + 0/3)*1. What is the tens digit of (6/h)/(1/(-13))?
2
Let w(f) = -f**3 - f**2 + 4. Let i be w(0). Suppose -5*r + i = -4*r. What is the units digit of (2 + 8)*6/r?
5
Let t(d) = -d**2 + 4*d - 3. Let q be t(2). Let i(o) = 13*o**3 - 1. What is the tens digit of i(q)?
1
Suppose -2*a = -0*a - 4. Suppose l = 4*i - 95, 4*i - 5*l - 105 = a. What is the units digit of i?
3
Let l = -2 - -1. Let n be 1 + l - (156 - 0). What is the tens digit of 2/(-3)*n/8?
1
Let d = 39 + -11. What is the units digit of d?
8
Suppose -5*d = -d. Suppose d = -u + 3*y + 2*y - 4, 2 = -3*u + 5*y. What is the units digit of u?
1
Suppose -4*i + 3*w = -3*i + 75, -2*w = 3*i + 170. Let c = 20 - i. Suppose 7*m - 2*m = c. What is the tens digit of m?
1
Let x be (-3)/6 + (-1)/(-2). Suppose -2*q - 4 = x, -3*k - 5*q + 8 = -k. What is the units digit of k?
9
Suppose 4*x + 185 = 5*v + x, -v + 19 = 3*x. What is the tens digit of v?
3
Suppose 44 = 5*i - 81. What is the units digit of i?
5
Suppose 1300 = 4*m + 9*m. What is the tens digit of m?
0
Let v(r) = -2*r**3 - 2*r**2 - r - 4. Let h be v(-4). Suppose -5*a = -3*d + 86, -d - 3*d + h = -2*a. What is the tens digit of d?
2
Let g(a) = 3*a**2 - 2*a + 2. Let u be g(1). Suppose u*d - 32 = d. What is the tens digit of d?
1
Suppose -3*a = 10 - 1. Let g = -4 - a. What is the units digit of g/5 + 42/10?
4
Let a = -21 + 13. Let q(u) = -10*u + 4. Let j be q(a). What is the tens digit of (-9)